rs of 5/(15/x) - -7.
2, 5, 11
Let z(b) = -b**3 + 35*b**2 + 123*b - 11. Let u be z(38). Let i = 830 - u. What are the prime factors of i?
499
Suppose 5*y = -20, -y + 23 = -4*s + 35. Suppose 0 = -5*w - 2*a + 435 + 4747, 5*w - 5198 = s*a. What are the prime factors of w?
2, 3, 173
Let r = -672 + 1411. Let g = 1236 - r. List the prime factors of g.
7, 71
Suppose -20 = -4*l + 5*t, 4*t = l - 4*l + 15. Suppose -l*o = -3*o + 1356. What are the prime factors of o*((-6)/(-54))/((-2)/6)?
2, 113
Let n = 162 - 132. List the prime factors of (-1784)/(-6) - 10/n.
3, 11
Suppose 5*n + 745 = q, -4*q + 2980 = -12*n + 9*n. Suppose -7*o + q = 129. List the prime factors of o.
2, 11
List the prime factors of 1 + (-180)/225 + -20977*14/(-10).
2, 3671
Suppose -12*w = w - 24947. Let y = w + -1118. List the prime factors of y.
3, 89
Let k be -5*(-1 - 1/(-2))*2. Let s(x) = 3*x - 11. Let m be s(k). Suppose 3*j = -5*h + 6*j + 280, m*h + 2*j - 202 = 0. List the prime factors of h.
53
What are the prime factors of -1 + (-256518)/(-14) + (7 - 329/49)?
2, 9161
Suppose 24460 + 48071 = 19*t - 21481. List the prime factors of t.
2, 1237
List the prime factors of 39226/12 + -28*(-4)/672.
7, 467
Let g = 273 - 271. Suppose 2*d + g = d, 5*t - 1289 = -3*d. What are the prime factors of t?
7, 37
List the prime factors of ((-11538475)/(-6))/65 + 1/6.
2, 3, 4931
Let l(n) be the first derivative of 28*n**3/3 + 2*n**2 + 6*n - 37. List the prime factors of l(-5).
2, 7
Let g = 14119 - -58885. List the prime factors of g.
2, 18251
Suppose -37*c + 31*c = -60. Suppose 12794 = c*w + 2354. What are the prime factors of w?
2, 3, 29
Suppose -18*z + 16257 = -47121. Suppose 21*b - 28*b = -z. What are the prime factors of b?
503
Suppose -65*f + 411625 - 14126 = -540061. What are the prime factors of f?
2, 3, 601
Let x(w) = 372*w + 4927. What are the prime factors of x(-6)?
5, 7, 11
Let m(w) = -245*w + 1127. List the prime factors of m(-14).
3, 7, 31
Let t be 1 + (-2 - 2) + 3. Suppose 0 = 5*n - 20, 2*j - 7*j - 5*n + 1295 = t. What are the prime factors of j?
3, 5, 17
Let a = -1088 - -354. Let j = a + 1084. List the prime factors of j.
2, 5, 7
Suppose 4*p + 10 = -2. Let u be -26*p*(-2)/(-12). Suppose 0 = -22*k + u*k + 1035. What are the prime factors of k?
5, 23
Suppose 2*a + 3 = m - 1, -4 = -4*m + 5*a. List the prime factors of (((-336)/9)/4)/(m/366).
2, 7, 61
Let k(b) = 4*b + 12. Let t be k(-11). Let n = 40 + t. Let a = n + 64. What are the prime factors of a?
2, 3
Let g(b) = -b**3 - b**2 - 6*b - 10. Let n be g(-6). Suppose -a + 958 = n. Suppose 4*w = 4*t - a, 3*t - 178 - 381 = 4*w. List the prime factors of t.
193
Let x = -1716 + 10618. What are the prime factors of x?
2, 4451
Let i = -12881 - -25481. Suppose -75*t = -67*t - i. What are the prime factors of t?
3, 5, 7
Let n(k) = -k**2 + 12*k + 2. Let f be n(12). Suppose 4*i = -14 + f. List the prime factors of i + (-377)/(-3) + (-24)/(-18).
2, 31
Suppose -206 - 34 = 5*w. Let j be 4790/16 + 18/w. Suppose -2*p = -2*m + 5*m - j, -2*p + 2*m + 314 = 0. List the prime factors of p.
2, 7, 11
Let y(n) = -545*n + 3. Let i be y(-1). Suppose -2*f + 2*k = 4*k - i, -f + 286 = 5*k. List the prime factors of f.
271
List the prime factors of 1 + (-7)/6 + (-62769436)/(-2472).
2, 3, 23
Let t(o) = 80*o - 65*o - o**2 + 0*o**2 + 5 - 2 + 14. Suppose -k + 3*w = -17, -3 = -2*k + w + 16. List the prime factors of t(k).
73
Suppose 0*m + 3*m - 4*y = 34, -5*m + y + 51 = 0. Let n be (0/1)/(m - 9). Suppose n = 5*l + 2*i - 10 - 25, 4*i = -4*l + 28. What are the prime factors of l?
7
Suppose -a = -3*b - 5*a + 17, 2*b - 3*a = 34. Let q(m) = -3*m + 38. Let l be q(b). Suppose -5*t + l*f + 101 = -t, -20 = 4*f. List the prime factors of t.
19
Let b = 1 + 1. Suppose -n + 54 = -4*t - 151, 2*n - 398 = 2*t. Suppose -b*x - 53 = -n. List the prime factors of x.
2, 3
Suppose -21794 + 208426 = 49*t - 52292. List the prime factors of t.
2, 23, 53
Let t be (-3)/(-60)*5*20. Suppose 0 = t*c + 4*d - 137, -2*c + 5*d + 110 = 3*c. Suppose -2*z = 8, 89 = 2*o + 3*z - c. What are the prime factors of o?
3, 7
Let b = 22 + -17. Suppose 3*n - 143 - 268 = b*y, 2*y - 432 = -3*n. What are the prime factors of n?
2, 71
Let r = -143 - -141. Let x(m) = -184*m + 19. What are the prime factors of x(r)?
3, 43
Let q(s) = -s + 35. Let y be q(-11). Let m = 50 - y. Suppose m*i = 61 + 883. What are the prime factors of i?
2, 59
Let h be (30/18)/(-5) + 14/6. Suppose 0 = -h*p - c + 2033, -692 - 2338 = -3*p + 5*c. What are the prime factors of p?
5, 7, 29
What are the prime factors of 3/6 - (-10 + 8 - (-95547)/(-6))?
3, 5309
Suppose -23*p + 21*p = -w + 1496, 2*w - 2962 = -2*p. What are the prime factors of w?
2, 743
Let l be -4 - -5 - 10*-1. Suppose 7*n = l*n. List the prime factors of (0 - 1) + (n - 92)/(-4).
2, 11
Let g be (-3 + (-21)/(-5))*(-10)/(-3). Suppose 1237 = g*z - 3*n, -4*z - n + 6 = -1219. Suppose -z - 204 = -7*m. What are the prime factors of m?
73
Suppose 0 = 399*a - 367*a - 27552. What are the prime factors of a?
3, 7, 41
List the prime factors of (1/(-3))/(11/(-916905)).
5, 5557
Suppose -3*p - 363 + 594 = 0. List the prime factors of p.
7, 11
Let b = 44 + -40. Suppose -u - 6 = -2, -b*i + 2*u = -20. Suppose 0 = -5*f + 4*q + 141, 0 = -i*f - 0*f - 2*q + 89. List the prime factors of f.
29
Let j(t) = -2*t + 2. Let h(p) = p - 1. Let o be h(5). Let z be j(o). List the prime factors of ((-206)/(-6))/(2*(-1)/z).
103
Let q be 7*(5 - 3792/(-8)). Suppose -q = 21*d - 28*d. List the prime factors of d.
479
Suppose 0 = 40*v - 485 - 235. List the prime factors of (-9)/v - 1010/(-4).
2, 3, 7
Let m(d) = -d**3 - 21*d**2 - 23*d - 47. Let h be m(-20). Let a be ((-76)/6)/((-10)/15). Let u = h + a. List the prime factors of u.
2
Let j be 3*((-14)/84)/((-2)/4). Let i(s) = 862*s**3 - 3*s**2 + 3*s - 1. List the prime factors of i(j).
3, 7, 41
Suppose -5*o - 2*w - 1948 = 0, 7*w - 10*w + 1152 = -3*o. What are the prime factors of ((-15)/10 + 1)/(1/o)?
2, 97
Suppose -226 = -12*f + 62. What are the prime factors of (-32)/(((-3)/8)/(90/f))?
2, 5
Suppose -2 = 5*u - 3*u. Let l(d) = -9*d + d - 8 - d + 225*d**2. List the prime factors of l(u).
2, 113
Suppose -1679*k + 1674*k = -5*r + 130055, -3*k + 52017 = 2*r. What are the prime factors of r?
2, 3, 5, 17
Suppose 4*k - 39*x = -42*x + 5163, -15 = -3*x. List the prime factors of k.
3, 11, 13
Suppose 2*k + 26 + 4 = 0. Let c = -13 - k. Suppose c*m - 230 + 0 = 0. List the prime factors of m.
5, 23
Let a be (-12)/4 - (-18 - -1470). List the prime factors of (a + -19)*(-4)/8.
11, 67
Suppose d = b - 5, -d = 2*b - b + 5. Suppose 3*s + 5*m = -55, b = -0*s + 5*s + m + 55. Let q(j) = j**3 + 9*j**2 - 16*j - 25. What are the prime factors of q(s)?
5, 7
Let x = -2938 + 7334. Suppose -3*z - 3*p = z - 3532, p + x = 5*z. What are the prime factors of z?
2, 5, 11
Let u = -111995 - -193699. Suppose -x = 55*x - u. What are the prime factors of x?
1459
Let r be (-80)/15 + 5 - 2319/9. Let a = 475 + r. List the prime factors of a.
7, 31
Let q(p) = -412*p - 3550. What are the prime factors of q(-24)?
2, 3169
Let p be (-4)/(-1*(-8)/(-20)). Suppose 7*i - p - 256 = 0. What are the prime factors of i?
2, 19
Suppose -20*y - 12493 = -7*y. Let g = -587 - y. What are the prime factors of g?
2, 11, 17
Let b be 2/(12/43) - 2/12. Suppose -6*q = -b*q - 4. List the prime factors of (-50)/q - (-57)/(-38).
11
Let h(r) = -r**2 - 10*r - 3. Let a be h(-8). Suppose a*l = 12*l + 4. Suppose -94 = -l*x + 74. List the prime factors of x.
2, 3, 7
Let b(t) = 15*t**2 + 32*t - 26. Let l = 557 - 550. What are the prime factors of b(l)?
3, 311
Let g be 2*-2*((-28)/16)/(-7). Let h(z) = -178*z**3 - 3*z**2 - 4*z - 1. Let v be h(g). Suppose -546 = -4*a - v. What are the prime factors of a?
2, 23
Let l(y) = y**2 - 12*y + 16. Let j be l(10). What are the prime factors of -2*1*8/j + 253?
257
Let p(b) = 647*b - 1886. What are the prime factors of p(10)?
2, 3, 191
Let s(g) = 760*g**2 - 465*g + 2733. List the prime factors of s(6).
3, 19, 479
Let y(l) = l**3 - 3*l**2 - 4*l - 3. Let d be y(4). What are the prime factors of 1/(d*(-9)/11961)?
443
Let m = 275 + -280. Let z(a) = 0*a + 2*a**2 + 2*a**2 + 2*a - 1. List the prime factors of z(m).
89
Suppose -3*k - 13 = -88. Suppose -k = 11*i - 16*i. Let x = i + 11. What are the prime factors of x?
2
Suppose 